 5*g + 394. What are the prime factors of x?
2, 3
Suppose -o = -2*u + 8, 2*u + 2*o = u + 4. Let y(s) = -s**3 - 8*s**2 + 7*s + 3. Let l be y(-9). Let g = u + l. What are the prime factors of g?
5
Let n(w) = -1217*w + 59. What are the prime factors of n(-1)?
2, 11, 29
Let q(g) = -2*g + 5. Let r be q(0). Suppose 153 = 4*a + x, -r*a - 7*x + 2*x = -180. List the prime factors of a.
3, 13
Let w be ((-15)/(-6))/(5/(-60)). Let m be w*3*(-12)/27. Suppose -440 - m = -8*g. List the prime factors of g.
2, 3, 5
Let v = 4687 + -1700. What are the prime factors of v?
29, 103
Suppose 0*k = -48*k + 59424. List the prime factors of k.
2, 619
Let h(q) = -5*q**2 + 8*q - 8. Let t be h(6). Let c = 7284 + -4424. List the prime factors of 3/(-7) - c/t.
2, 5
What are the prime factors of -9 + 11 - 1*-603?
5, 11
Let i be (6/(-8))/(1/(-40)). Let p = i - -5. List the prime factors of (-52)/(-5) - 14/p.
2, 5
Let d(g) = 10*g**2 + 33*g - 5. List the prime factors of d(6).
7, 79
Let z(w) = 121*w - 503. What are the prime factors of z(30)?
53, 59
Suppose 0 = -3*y - 2*f + 1521, -3*f + 1643 + 893 = 5*y. What are the prime factors of y?
509
Let w = -41 + 46. Suppose -8 = w*k - 4*k. Let r = k - -64. List the prime factors of r.
2, 7
Suppose 0 = s - 89 - 7. Let w be (26 + -24)/(1 + (-86)/82). Let j = w + s. What are the prime factors of j?
5, 11
Suppose -34*n - 2 = -33*n. Let l(x) = -62*x + 6. List the prime factors of l(n).
2, 5, 13
List the prime factors of -2*(240 + 3)*(-56)/16.
3, 7
Suppose 0 = 5*f - 4*w + 10, 5 = 2*f - 7*f + 3*w. Suppose -n + 8 = f. Suppose -n*k = -85 - 149. List the prime factors of k.
3, 13
Let r(n) = n - 1. Let l be r(6). Suppose 4*y = 3*x + 3*y + 25, -x = -l*y - 1. List the prime factors of 32 + x/12*-4.
5, 7
Let y(n) = n**3 + 16*n**2 - 26*n - 46. What are the prime factors of y(-17)?
107
Suppose 16*r = 11*r - w + 10380, -w = -5. What are the prime factors of r?
5, 83
List the prime factors of -4*(1 - 0) - (11 + -60).
3, 5
Let s be (-1)/1 + (3 - 2). Suppose -k - 2*k + 57 = s. Let b = 9 + k. List the prime factors of b.
2, 7
Let a = -10 + 14. Let j(n) = n**2 + n + 18*n**3 + 1 - 7*n + a*n. What are the prime factors of j(1)?
2, 3
Let b be 32/18 + 6/27. Suppose -15 = -b*d + 11. Let h = 16 - d. List the prime factors of h.
3
Suppose -20 = 4*f, -4*f + 603 = h + 94. What are the prime factors of h?
23
Let j(r) = 6*r + 1. Let o be j(-8). Let c = o - -128. List the prime factors of c.
3
Let x be -247 - (-3 + 7 + -3)/1. Let d = x + 422. What are the prime factors of d?
2, 3, 29
Let l(m) = -m**3 + 12*m**2 + 26*m - 21. Let h = -109 - -121. What are the prime factors of l(h)?
3, 97
Suppose 3*m = -i - 21 + 2, m = -2*i - 8. Let j(w) = -w - 8. Let b be j(-7). Let h = b - m. What are the prime factors of h?
5
Let w(d) = -2 + 6 - 3 - 3*d**2 + 4*d**2. What are the prime factors of w(5)?
2, 13
What are the prime factors of 7 + (-162)/24 - (-2926)/8?
2, 3, 61
Let s be 2 - (4 - (2 + -17)). Let i = 14 + s. List the prime factors of -2 + 4 + (33 - i).
2, 19
Let p be 2/(0 + 3/12). Suppose -a + p = 2*b, 3*a - 7*a = -8. Suppose b*i + 5*s = i + 31, -5*i + 64 = -s. What are the prime factors of i?
13
Let b(o) = o**2 + 7*o + 7. Let g be b(-6). Suppose 6*s + g = 13. Suppose -x = s*x - 150. List the prime factors of x.
2, 5
Suppose -3*h + 633 = -2*q, -2*h + 4*q + 223 = -207. Suppose 0 = 3*d - 4*s - 490, -4*s - h - 447 = -4*d. What are the prime factors of d?
2, 83
Suppose -2*p = -3*u - 6, p + 0*p - 3 = -2*u. Suppose 3*g - 142 = -4*c - 0*g, 76 = 2*c - g. Suppose u = -7*w + 8*w - c. What are the prime factors of w?
37
Let v(h) = -2*h**2 - 13*h - 12. Let r be v(-5). List the prime factors of r/4 - 7553/(-52).
2, 73
Suppose 8*o = 6*o + 28. Let p = -26 + o. List the prime factors of (-7)/(-3)*(-36)/p.
7
Let r(g) = g**2 + 3*g + 7. Let d be r(-3). Let j = 19 - d. Let i(w) = -w**2 + 16*w + 6. What are the prime factors of i(j)?
2, 3
Suppose 98 + 18 = -4*w. Let k be 1 - (2 + 0 + w). Suppose -5*o + 7 = -k. List the prime factors of o.
7
Let p be -1 + 2 - (6 - 7). Suppose -5*s + 2*k + p*k - 205 = 0, 2*s = -k - 69. Let r = -4 - s. What are the prime factors of r?
3, 11
Suppose -7 = -4*b + 13. Suppose 0*t - t - 1 = -4*y, -3*y = 5*t + b. Suppose u - 19 - 16 = y. List the prime factors of u.
5, 7
Let t = -220 - -378. What are the prime factors of t?
2, 79
Let q(r) = -84*r - 288. What are the prime factors of q(-18)?
2, 3, 17
Let u = -5 + 7. Let f(s) = -s**3 + 1 + 7*s**2 - u*s - 2 - 2*s**2. List the prime factors of f(3).
11
Let t = 3 - -15. Suppose 0 = b - 3*b + t. List the prime factors of b.
3
Let l be 14/6 - (-1)/(-3). Let c(i) = -9*i**2 - 2*i + 4. Let k(a) = -5*a**2 - a + 2. Let p(r) = -4*c(r) + 7*k(r). List the prime factors of p(l).
2
Let s = 2523 - 946. What are the prime factors of s?
19, 83
What are the prime factors of 78747/33 + 93/(-341)?
2, 1193
Suppose 1 = -g + 3. Suppose -g*d = -3*d + 42. What are the prime factors of d?
2, 3, 7
Let k(q) = -3*q - 8. Let j be k(-4). Suppose 0 = i + c + 3, 5*i + 3*c + 1 = -j. Let y = i + 49. List the prime factors of y.
3, 17
Let j(t) = -t**2 - t - 5. Let m(c) = c**2 + 2*c + 4. Let k(f) = 4*j(f) + 5*m(f). Let a be k(-6). What are the prime factors of (-22)/(0 - (a + 2))?
11
Suppose 2*p + 391 = -4*m - 167, -2*m - 1411 = 5*p. Let x = -159 - p. List the prime factors of x.
2, 31
Let t = -66 - 124. Let o = -84 - t. List the prime factors of o.
2, 53
Let j(l) be the second derivative of -7*l - 4*l**2 - 1/3*l**3 + 0. What are the prime factors of j(-8)?
2
List the prime factors of 5466/5*(-650)/(-195).
2, 911
What are the prime factors of (11*(-11)/(-363))/(1/618)?
2, 103
Let b = 53 + -46. Suppose b*j = 8*j - 15. List the prime factors of j.
3, 5
Let h(b) = 31*b**2 - 2*b + 75. What are the prime factors of h(8)?
3, 227
Let o be -30*(10/(-6))/5. Suppose -5*u = -z - 34, -4*z = -5*u + 3*u + o. List the prime factors of u.
7
Let x = -4769 + 8057. What are the prime factors of x?
2, 3, 137
Suppose 57*h - 52772 = 36604. What are the prime factors of h?
2, 7
Let j = -10 - -15. Suppose 0 = 5*i + j*c - 40, -4*c + 24 + 13 = 5*i. Suppose 3*b - 3 = l - 44, i*l + 4*b - 300 = 0. List the prime factors of l.
2, 7
Let p(b) = -b + 11. Let y = -6 + -6. Let h be y*((-28)/(-8))/7. List the prime factors of p(h).
17
Let v be (-88)/(-6)*(-1 - (-3 - 1)). Suppose 4*x = 56 + v. What are the prime factors of x?
5
Let l(d) = -4*d**3 - 4*d**2 - 24*d + 5. What are the prime factors of l(-4)?
293
Suppose -7*f = -3*f - 116. Let p = f - 4. List the prime factors of p.
5
Let l(w) = -82*w + 6 + 34*w + 43*w. List the prime factors of l(-9).
3, 17
Let k(u) = u**2 + 3. Let j = -82 - -75. List the prime factors of k(j).
2, 13
Let m = 776 - -541. List the prime factors of m.
3, 439
Suppose -3*w + 2*q - 52 = -183, -80 = -2*w + 5*q. What are the prime factors of (-3)/5 - (-4257)/w?
2, 47
Let i = -761 + 2200. What are the prime factors of i?
1439
What are the prime factors of (1758 - 1)/1 - -3?
2, 5, 11
Let j(d) = -d**3 + 15*d**2 + 8*d - 25. What are the prime factors of j(12)?
503
Let v(a) = -2*a + 6. Let d be v(8). Let j(y) = -y**2 - 11*y + 11. Let c be j(d). List the prime factors of 180/c + 3/7.
3
Let r(c) = c - 8. Let f = 0 - -15. List the prime factors of r(f).
7
Suppose -w = 5*v - 81, -5*v - 4*w + 77 = -7*w. What are the prime factors of v + 8 + (-8)/2?
2, 5
Suppose y = -0*x - x, -4*x + 36 = -5*y. List the prime factors of ((-2)/y)/(2/44).
11
Let y = 53 + 1803. List the prime factors of y.
2, 29
Suppose -110 = -4*g + 38. Suppose g + 127 = 4*r + 3*h, -3*h = 0. List the prime factors of r.
41
Let q = 16 + 177. List the prime factors of q.
193
Suppose -2*p = 2*p - 3*b + 28, 2*b + 38 = -3*p. Let a(v) = v + 54. List the prime factors of a(p).
2, 11
Suppose 0 = -20*k + 18*k. Suppose -4*s + k*s + 892 = 0. What are the prime factors of s?
223
Suppose 0 = 70*u - 461107 + 98857. List the prime factors of u.
3, 5, 23
Let g(p) = 2*p + 24. Let i be g(-12). Suppose 0 = -4*d + 20, -2*j + 4*d - 5*d + 29 = i. List the prime factors of j.
2, 3
Suppose -3*l + 6 = -5*b, 3*b + 3 = -l + 5. Let i be 2 - (1 + -1 + l). Suppose 3*p = 5*s - 75, -p = 3*s - i*p - 45. List the prime factors of s.
3, 5
Let z(h) = -5 - 6*h + 2*h - 2 - 16. List the prime factors of z(-11).
3, 7
What are the prime factors of 1*1288 + 3 + 2